when v(3) is divided by q.
28
Suppose -b = 4*b - 85. Suppose a - 10 = b. What is the remainder when 105 is divided by a?
24
Let s = -184 - -200. What is the remainder when s is divided by 6?
4
Let f(n) = -49*n - 271. What is the remainder when f(-8) is divided by 31?
28
Suppose 3*y = -2*y - 3*f - 12, y + 7 = 4*f. What is the remainder when 47 is divided by (-1408)/(-55) - y/10*-2?
22
Suppose -3*u = 4*m - 559, 3*m = 3*u - 265 - 329. Calculate the remainder when u is divided by 28.
25
Let s = 415 - 349. Calculate the remainder when s is divided by 36.
30
Suppose 0 = -5*p - 2 - 3. Let v = -3 - -14. Calculate the remainder when (0 + p - 0) + 54 is divided by v.
9
Let v(j) = -97*j - 4. What is the remainder when v(-1) is divided by 24?
21
Suppose -2*h = 6*k - 2*k + 174, k = -4*h - 320. Let d = -66 - h. What is the remainder when 36 is divided by d?
10
Let t(s) = -10*s**2 + 4*s + 62. What is the remainder when t(0) is divided by 22?
18
Let s = 5 + 8. Suppose 3*o - 59 = -4*m, -3*o = -77*m + 82*m - 55. What is the remainder when o is divided by s?
12
Let s = -30 - -30. What is the remainder when 29 is divided by 9 + (s - (-4 + 5))?
5
Suppose -v - 2 = 0, 0*v = -5*c - v + 393. What is the remainder when c is divided by 22?
13
Suppose -5*y - 4*p = -7*p - 254, -y + p + 50 = 0. What is the remainder when 97 is divided by y?
45
Suppose -32 = -m + 16. Suppose 5*y = 192 + m. Suppose 4*h = 2*r - 104, -3*h + y + 14 = r. Calculate the remainder when r is divided by 15.
11
Let f = -5 + 37. Calculate the remainder when 130 - (10/(-4))/(14/(-28)) is divided by f.
29
Suppose -9*k + 271 = -233. What is the remainder when 278 is divided by k?
54
Let l be (-7 - (-100)/16)/((-2)/(-256)). Let s = -52 - l. Calculate the remainder when s is divided by 15.
14
What is the remainder when (0 + 1)*(147 - 3 - -5) is divided by 61?
27
Suppose 3*u + 39 = 16*u. Let l(o) = -o + 8. Calculate the remainder when l(u) is divided by 4.
1
What is the remainder when ((-63)/(-2))/9*46/1 is divided by 21?
14
Let y(i) = i**3 - 3*i**2 - 11*i - 21. Let v be y(12). Suppose -5*m + 14*m = v. Calculate the remainder when m is divided by 26.
23
Calculate the remainder when (12/5)/((-4)/(-330)) is divided by (-1)/6 - 99051/(-2466).
38
Suppose -p - 2*p + 66 = 0. Let u(m) = 12*m. Let t be u(-1). Let d = p + t. What is the remainder when 29 is divided by d?
9
Suppose 8 = -u + 4*g, 3*u - 28*g = -27*g + 31. Calculate the remainder when 17 is divided by u.
5
Let c(i) be the third derivative of i**6/120 + i**5/15 - i**4/12 + i**3/3 + 2*i**2. Calculate the remainder when c(2) is divided by 6.
4
Suppose 0 = 10*q - 6 - 14. Suppose -q*c - 3*c - 4*i = -21, 5*i = -c. Let k(p) = -p**3 + 2*p**2 + 3*p + 2. What is the remainder when c is divided by k(3)?
1
Let h(w) = 10*w + 0*w**3 + 10 - 16*w**2 + 6*w**2 - 19*w - w**3. Let a be h(-9). Calculate the remainder when ((-112)/20)/((-2)/a) is divided by 10.
8
Suppose 4*q - 3*z - 289 = 0, -69*q - 2*z - 363 = -74*q. Calculate the remainder when 284 is divided by q.
65
Let h(a) = a**2 + 10*a + 4. Let p be h(-10). Suppose 0 = -5*i - 5*d + 25, 2*i + p*d - 5 = 13. What is the remainder when 6 is divided by i?
0
Let b = -330 + 334. Let x(z) = -z**3 - 7*z**2 - 4*z - 5. Calculate the remainder when x(-7) is divided by b.
3
Let k(j) = -j + 19. Suppose 3*q + 0*i = -4*i + 10, -q = -i - 15. Calculate the remainder when k(-8) is divided by q.
7
Let k = -10 - -19. Suppose -4*m - m + 85 = 0. What is the remainder when m is divided by k?
8
Suppose 5*f - 30 = -f. Suppose 5*z - t = 71, 4*z + f*t - 30 = 21. Suppose -z = -v - 0*v. Calculate the remainder when v is divided by 5.
4
Suppose z - 21 = -5*i, 2*i = 4*z - 5*z + 21. Let y be z/6 - 1/(-2). Suppose -69 = -7*k + y*k. Calculate the remainder when k is divided by 6.
5
Suppose 14 = 4*c - 0*l - l, 0 = 4*c - 4*l - 8. Suppose -c*i + 25 + 3 = 0. What is the remainder when i is divided by 4?
3
Suppose 4*c + 2428 = 5*t, -2*t + 294 = 3*c - 668. What is the remainder when t is divided by 81?
79
Let v(f) = 5*f + 5. Suppose 4*l - 4*b - 8 = 6*l, -l + 5*b + 24 = 0. Calculate the remainder when (-5)/(10/(-192)) - -1 is divided by v(l).
22
Suppose -90*d = -95*d + 1835. Calculate the remainder when d is divided by 46.
45
What is the remainder when 227 is divided by (-380)/15*(0 + -3)?
75
Let q(b) = -2*b - 9. Let l be q(-6). Suppose -l*u + 4*t = 148, 165 = -5*u - 2*t - 99. Let o = -36 - u. Calculate the remainder when 62 is divided by o.
14
Suppose -377 - 469 = -9*j. Calculate the remainder when 375 is divided by j.
93
Let j = 774 + -367. Calculate the remainder when j is divided by 102.
101
Suppose 2564 = -6*l + 2696. Let j(g) = g - 5. Let d be j(3). Calculate the remainder when l is divided by d/(-3) - (-32)/6.
4
Calculate the remainder when (-22)/(-44)*5/((-5)/(-142)) is divided by 36.
35
Let c(g) = -g**2 + 13*g - 28. Suppose 0 = -2*j - 0*j - 4*r + 134, -5*r = 2*j - 132. What is the remainder when j is divided by c(8)?
11
Let s = 15 + -9. Calculate the remainder when 133 is divided by 51/2 + 9/s.
25
Let b = -1662 - -1734. What is the remainder when b is divided by 31?
10
Suppose u + 12 = -u. What is the remainder when (10 - -5) + (-3 - 3) is divided by (-7)/(7/u) + -1?
4
Let v = 234 + -216. What is the remainder when v is divided by 6?
0
Suppose 4*a = -2*v + 7*v + 12, -9 = -3*a + 3*v. Let o be a - 6 - (1 + 26). Let c = o - -53. What is the remainder when c is divided by 8?
7
Suppose -3*s + 187 = 4*k, 350 = 3*s + 2*s - k. Let r = s - 43. Suppose -62 = -9*i + 6*i + 5*x, -3*i + 4*x = -58. What is the remainder when r is divided by i?
12
Suppose -10*c + 1643 = 43*c. What is the remainder when 241 is divided by c?
24
Suppose 0 = 7*o - 18*o + 572. What is the remainder when o is divided by 6?
4
Suppose -3*p + p + 16 = 0. What is the remainder when (-18*6/(-252))/((-1)/(-7)) + 41 is divided by p?
4
Suppose 0 = 28*g - 4547 - 1193. What is the remainder when g is divided by 42?
37
Calculate the remainder when (-6)/(-75) + 11244/75 is divided by 19.
17
Let b = -74 - -81. Calculate the remainder when 46 is divided by b.
4
Let w = 8 - -21. What is the remainder when (-5140)/(-60) + 80/15 + -5 is divided by w?
28
Suppose -2 = 3*n - 17. Let w = n - 3. Suppose 4*g = 5*x - 0*x - 61, -27 = -w*x - g. Calculate the remainder when 24 is divided by x.
11
Suppose -8 + 65 = 19*n. Let d be 2 - ((1 - 4) + 1). Let z = d + 3. Calculate the remainder when z is divided by n.
1
Suppose -2*a - 33 = -3*d, 2*d - 7*d = -4*a - 53. Suppose 2*v - 3*v = -d. Calculate the remainder when 51 is divided by v.
12
Let p(x) = 2*x - 2. Let f be p(4). Let q be (-42)/(-147) - ((-618)/(-7) - -2). Calculate the remainder when (f/9)/((-4)/q) is divided by 9.
6
Suppose -h = 2*h - 6. Let b(p) = -p**2 + p + 23. Let q be 2/(16/42) - 11/44. Calculate the remainder when b(q) is divided by h.
1
Let i = 67 - 74. Let h(g) = -g**2 - 8*g + 11. Calculate the remainder when h(i) is divided by 7.
4
Suppose 5*c = -2*b + 261, -2*c - 2*c + 195 = -3*b. Suppose -169*a = -167*a - 56. Calculate the remainder when c is divided by a.
23
Let r(j) be the first derivative of -j**3/3 + 5*j**2/2 - 6*j - 2. Let f be r(5). Let p = 16 + f. What is the remainder when p is divided by 6?
4
Let k(c) = 2*c**2 - 25*c + 11. Let b be k(14). Suppose -3*o + 2*o = -b. Suppose -3*a = -19 - 8. What is the remainder when o is divided by a?
8
Suppose -1701 = -309*o + 288*o. What is the remainder when 647 is divided by o?
80
Let m(a) = -84*a - 21. Let k(l) = -21*l - 5. Let b(c) = -21*k(c) + 5*m(c). Calculate the remainder when b(2) is divided by 9.
6
Let s = 214 + -152. Suppose -4*u - 5*b + 48 + 252 = 0, 5*b = 5*u - 420. Suppose 24*z - u = 19*z. Calculate the remainder when s is divided by z.
14
Suppose -211 = -6*h - 19. Suppose o + 2*o = 36. What is the remainder when h is divided by o?
8
Let a(k) = 3*k + 14. Let t be a(-6). What is the remainder when 33 is divided by (-10)/8 - 41/t?
6
Let j(g) be the first derivative of -4*g**3/3 + 39*g**2/2 - 11*g + 25. Let k = 34 + 26. What is the remainder when k is divided by j(9)?
12
Let q = 1457 - 1228. Calculate the remainder when q is divided by 29.
26
What is the remainder when (-1)/(4/(-560)) - -6 is divided by 37?
35
What is the remainder when 115 is divided by ((-20)/25*-5)/(8/74)?
4
Let w(s) = 25